 6) to base 8
-10
-30 (base 7) to base 5
-41
Convert 113 (base 13) to base 4.
2321
Convert 12 (base 7) to base 9.
10
Convert 236 (base 9) to base 3.
21020
Convert 4 (base 7) to base 9.
4
Convert -149 (base 10) to base 6.
-405
Convert -7d (base 14) to base 15.
-76
Convert 5 (base 16) to base 4.
11
Convert 5 (base 10) to base 7.
5
What is 55 (base 13) in base 7?
130
Convert 12 (base 12) to base 10.
14
-200 (base 6) to base 11
-66
Convert 5 (base 13) to base 9.
5
a (base 14) to base 10
10
What is 10111000 (base 2) in base 11?
158
Convert -11 (base 3) to base 6.
-4
What is 1 (base 16) in base 10?
1
Convert -88 (base 11) to base 8.
-140
What is 1 (base 4) in base 3?
1
Convert 6 (base 8) to base 10.
6
-11 (base 9) to base 6
-14
What is 14 (base 14) in base 9?
20
Convert -11 (base 10) to base 9.
-12
-11 (base 3) to base 10
-4
Convert 4 (base 13) to base 5.
4
What is 2 (base 7) in base 4?
2
Convert 11 (base 2) to base 8.
3
-3 (base 13) to base 12
-3
What is 1 (base 13) in base 5?
1
What is -3 (base 12) in base 7?
-3
What is -12002 (base 3) in base 9?
-162
-30 (base 4) to base 10
-12
-2 (base 12) to base 9
-2
What is 10200 (base 3) in base 11?
90
-244 (base 5) to base 7
-134
Convert -10101001 (base 2) to base 5.
-1134
What is 5 (base 6) in base 12?
5
What is 51 (base 6) in base 9?
34
Convert 1101 (base 2) to base 15.
d
Convert 1203 (base 4) to base 16.
63
What is -16 (base 8) in base 16?
-e
What is 3 (base 15) in base 10?
3
-1 (base 13) to base 16
-1
Convert 1 (base 2) to base 16.
1
What is -10 (base 9) in base 10?
-9
What is 3 (base 10) in base 5?
3
18 (base 11) to base 9
21
What is 4 (base 10) in base 2?
100
0 (base 4) to base 13
0
-312 (base 4) to base 11
-4a
What is -110110 (base 2) in base 16?
-36
What is -440 (base 7) in base 16?
-e0
Convert 1010 (base 2) to base 3.
101
What is 15 (base 10) in base 9?
16
What is 13 (base 12) in base 14?
11
10110010 (base 2) to base 14
ca
What is 3 (base 5) in base 6?
3
Convert 45 (base 6) to base 5.
104
329 (base 10) to base 14
197
What is -2b (base 13) in base 6?
-101
-304 (base 5) to base 11
-72
Convert -2 (base 9) to base 4.
-2
-22 (base 13) to base 9
-31
Convert -646 (base 7) to base 15.
-16d
Convert 1b (base 12) to base 15.
18
What is -13 (base 12) in base 8?
-17
122 (base 5) to base 12
31
What is 2001 (base 4) in base 13?
9c
58 (base 9) to base 10
53
What is 11 (base 3) in base 10?
4
49 (base 16) to base 6
201
What is -20 (base 11) in base 7?
-31
What is 1a2 (base 11) in base 2?
11101001
47 (base 11) to base 15
36
Convert -24 (base 12) to base 14.
-20
70 (base 11) to base 12
65
-29 (base 12) to base 5
-113
-21 (base 11) to base 5
-43
Convert 3c (base 14) to base 16.
36
-14 (base 12) to base 5
-31
Convert 0 (base 4) to base 6.
0
Convert 1b (base 12) to base 6.
35
What is -13 (base 7) in base 16?
-a
Convert -152 (base 11) to base 12.
-12a
-1001 (base 2) to base 9
-10
-13 (base 13) to base 4
-100
What is 3 (base 15) in base 3?
10
What is -15 (base 13) in base 12?
-16
-5 (base 15) to base 12
-5
What is -18 (base 9) in base 8?
-21
Convert -41 (base 13) to base 11.
-49
-2 (base 10) to base 13
-2
What is -322 (base 4) in base 11?
-53
What is -58 (base 9) in base 6?
-125
-361 (base 7) to base 12
-13a
212 (base 3) to base 7
32
What is -277 (base 9) in base 13?
-14b
Convert 2 (base 4) to base 2.
10
What is 20 (base 16) in base 6?
52
What is -2 (base 11) in base 3?
-2
What is -22 (base 7) in base 2?
-10000
1 (base 15) to base 8
1
What is 1 (base 6) in base 16?
1
What is -1 (base 2) in base 11?
-1
What is -1 (base 15) in base 6?
-1
Convert 3 (base 11) to base 8.
3
5 (base 9) to base 2
101
2 (base 11) to base 5
2
Convert -12 (base 5) to base 9.
-7
-10 (base 5) to base 15
-5
What is 1 (base 9) in base 15?
1
What is 5 (base 13) in base 2?
101
What is 5 (base 16) in base 14?
5
What is -11 (base 6) in base 13?
-7
-11 (base 2) to base 12
-3
Convert 7 (base 8) to base 15.
7
Convert -20a (base 12) to base 10.
-298
77 (base 10) to base 2
1001101
148 (base 9) to base 13
98
Convert -9 (base 13) to base 2.
-1001
2 (base 14) to base 5
2
Convert 174 (base 12) to base 16.
e8
What is -2 (base 5) in base 12?
-2
What is -3002 (base 4) in base 12?
-142
55 (base 6) to base 7
50
Convert 425 (base 6) to base 13.
c5
Convert -1 (base 15) to base 5.
-1
-121 (base 3) to base 5
-31
2110 (base 5) to base 3
101101
55 (base 11) to base 2
111100
Convert -11 (base 3) to base 16.
-4
Convert -13 (base 10) to base 9.
-14
Convert -1010 (base 2) to base 12.
-a
What is -343 (base 6) in base 15?
-90
What is 31 (base 12) in base 10?
37
d (base 15) to base 8
15
What is -102 (base 4) in base 13?
-15
Convert 4 (base 12) to base 6.
4
1c (base 13) to base 5
100
What is -330 (base 4) in base 11?
-55
Convert -a (base 11) to base 15.
-a
Convert -131 (base 5) to base 7.
-56
Convert 1 (base 11) to base 10.
1
Convert -1 (base 6) to base 2.
-1
Convert 4 (base 8) to base 5.
4
Convert -101 (base 8) to base 9.
-72
What is 9 (base 16) in base 3?
100
What is 81 (base 14) in base 11?
a3
What is -12220 (base 3) in base 10?
-159
What is -3 (base 14) in base 7?
-3
What is -4 (base 6) in base 9?
-4
10 (base 9) to base 2
1001
Convert -1 (base 2) to base 13.
-1
-13 (base 5) to base 7
-11
-1 (base 7) to base 6
-1
Convert 38 (base 15) to base 14.
3b
149 (base 15) to base 7
600
What is 8 (base 14) in base 9?
8
Convert 50 (base 9) to base 16.
2d
16 (base 11) to base 12
15
Convert 25 (base 14) to base 12.
29
Convert -2 (base 4) to base 15.
-2
-2 (base 4) to base 14
-2
What is 51 (base 9) in base 3?
1201
Convert 1022 (base 3) to base 12.
2b
What is 97 (base 15) in base 7?
262
What is 112 (base 4) in base 13?
19
What is 2 (base 9) in base 12?
2
2 (base 7) to base 3
2
111 (base 4) to base 15
16
What is 1 (base 2) in base 12?
1
What is -32 (base 11) in base 8?
-43
What is 2331 (base 4) in base 5?
1224
What is 19 (base 16) in base 3?
221
Convert -13 (base 6) to base 3.
-100
What is 1 (base 5) in base 9?
1
147 (base 8) to base 16
67
What is 10 (base 2) in base 14?
2
Convert -101 (base 3) to base 9.
-11
Convert -33 (base 5) to base 15.
-13
Convert 10010011 (base 2) to base 10.
147
5 (base 6) to base 11
5
Convert -10221 (base 3) to base 11.
-97
-20 (base 9) to base 14
-14
What is -2 (base 14) in base 12?
-2
What is -100 (base 2) in base 14?
-4
1 (base 14) to base 12
1
-b (base 15) to base 11
-10
What is 16 (base 8) in base 6?
22
13 (base 6) to base 4
21
Convert 133 (base 7) to base 10.
73
Convert -a (base 12) to base 3.
-101
Convert -1 (base 16) to base 6.
-1
-1331 (base 4) to base 9
-148
1 (base 11) to base 10
1
What is 263 (base 7) in base 6?
355
What is -1000011 (base 2) in base 8?
-103
-13 (base 9) to base 8
-14
-12 (base 4) to base 2
-110
Convert -b (base 12) to base 13.
-b
216 (base 12) to base 14
17c
What is -1211 (base 3) in base 13?
-3a
-7a (base 14) to base 3
-11000
What is 0 (base 5) in base 7?
0
-13 (base 12) to base 2
-1111
Convert 1 (base 12) to base 5.
1
Convert 2 (base 5) to base 10.
2
Convert -3 (base 6) to base 12.
-3
Convert -12 (base 4) to base 3.
-20
Convert -19 (base 11) to base 14.
-16
What is 2 (base 6) in base 9?
2
Convert -30 (base 14) to base 5.
-132
76 (base 12) to base 7
156
Convert -2 (base 14) to base 5.
-2
Convert 6 (base 10) to base 9.
6
-1011 (base 3) to base 11
-29
Convert 10 (base 5) to base 15.
5
What is -1 (base 16) in base 15?
-1
-16 (base 14) to base 15
-15
Convert 5 (base 6) to base 14.
5
What is 54 (base 13) in base 16?
45
What is 3a (base 11) in base 3?
1121
What is 252 (base 6) in base 8?
150
Convert 11 (base 3) to base 11.
4
What is 4 (base 9) in base 4?
10
76 (base 9) to base 16
45
What is -8 (base 14) in base 3?
-22
What is 22222 (base 3) in base 15?
112
-31 (base 4) to base 16
-d
What is -22 (base 3) in base 5?
-13
What is 22 (base 9) in base 4?
110
What is 0 (base 5) in base 9?
0
What is 136 (base 15) in base 16?
114
What is 0 (base 12) in base 16?
0
What is -113 (base 9) in base 11?
-85
Convert -11002 (base 4) to base 13.
-1ba
Convert 3 (base 8) to base 16.
3
Convert -1a (base 14) to base 2.
-11000
What is 6 (base 13) in base 6?
10
2a (base 14) to base 9
42
What is 3 (base 14) in base 5?
3
What is -22 (base 11) in base 13?
-1b
Convert -1013 (base 4) to base 15.
-4b
What is -3 (base 10) in base 5?
-3
69 (base 16) to base 11
96
Convert 15 (ba